ve j(u).
-7
Suppose o - 2*t - 14 = 0, -5*t + 21 - 54 = -2*o. Let u(p) = p + 2*p - 7 + 0 - o*p. Let f be 0/(-2 + 3/3). Calculate u(f).
-7
Let b = -1802 - -1811. Let r(q) = -q**3 + 10*q**2 - 10*q + 16. Determine r(b).
7
Let q(p) = -p - 44. Suppose 0 = 5*u + 10, -18*i - 5*u + 146 = -22*i. What is q(i)?
-5
Let t(s) = -11*s**3 - 4*s**2 - s + 5. Let b(g) = -7*g**3 - 2*g**2 - g + 2. Let y(p) = 5*b(p) - 3*t(p). What is y(3)?
-47
Let z(j) = j**3 + 7*j**2 - 5*j + 27. Let l be z(-8). Let t(m) = 5*m**2 + 34*m - 12*m - 14 - m**l - 19*m. Calculate t(5).
1
Let l(s) = 6*s - 7. Let g(q) = 7*q - 21. Let b be g(5). Let r be b/((-4 - -1)/(60/(-40))). Let v(z) = 11*z - 14. Let i(o) = r*l(o) - 4*v(o). What is i(6)?
-5
Let u(s) = 4*s - 1. Let i be 12 - ((-531)/(-9) + 11). Let x be 681/12 - 1/(-4). Let r = x + i. What is u(r)?
-5
Suppose -16*f - 33*f + 833 = 0. Let p(a) = 15 - 2*a + 18 + f - 51. Suppose -4*i - 14 = -2*k + 2, -5*k = -2*i. Calculate p(i).
9
Let w(j) = 5199*j - 31176. Let d be w(6). Let m(r) = -7 + r**2 + r**2 - 18*r - r**2. Determine m(d).
-7
Let y(g) = -g - 13. Let c be 7/168*0 - (6 + 1). Give y(c).
-6
Let n(j) be the first derivative of -2*j**3/3 + j**2/2 - 12*j - 2414. Give n(0).
-12
Let a(g) = 2*g**3 - 47*g**2 + 218*g - 50. Let h be a(6). Let f(j) = -2*j**3 - j**2 + j + 1. What is f(h)?
11
Let q(g) = -g**3 - 5*g**2 - 5*g - 10. Let x(m) = 16*m**2 - 57*m - 35. Let v be x(4). What is q(v)?
123
Let y(x) = 14*x + 5*x**2 + 10 - x**2 + 5*x**2 - 10*x**2. Calculate y(9).
55
Let q = -48 + 78. Suppose -q = 3*k + 2*k. Let s(m) be the first derivative of m**2 - 4*m - 39. What is s(k)?
-16
Suppose -157*j + 2567 = 103*j + 4127. Let t(z) = -z**2 + z + 6. Let v be t(0). Let w(c) = 6*c - v + 2 + c**2 + 1. Give w(j).
-3
Let t(a) be the second derivative of a**5/20 - 5*a**4/12 - 7*a**3/6 - 3*a**2 + 435*a. Suppose 0 = s - 68 + 62. Calculate t(s).
-12
Suppose 5*h + x = 1271, 0 = -2*x + 24 - 22. Let p = -260 + h. Let l(g) = -g**3 - 7*g**2 - 7*g - 9. Determine l(p).
-3
Suppose 21 = 3*p + 12. Let k be (-1)/2*(-6)/3. Let w(f) = 5*f - k - 1 - 54*f**2 + 52*f**2. Calculate w(p).
-5
Let n be (62 + 10)/(-8) - 7 - (0 - 3). Let f(s) = -5*s - 60. Give f(n).
5
Suppose 0 = 4*f + 6*y - 9*y - 66, 5*y - 6 = -3*f. Let v(w) = -w**2 + 4*w + 16. Give v(f).
-80
Let l(u) = -u**3 + 4*u**2 + 7*u - 6. Let o(i) = -30*i - 804. Let a be o(-27). Determine l(a).
-36
Suppose 5*l + o = 19, 2*l - l - 3*o + 9 = 0. Suppose -l + 31 = 4*u. Let s(i) = -2*i**2 + 8*i + 3. Calculate s(u).
-39
Let p(z) = -z**3 - z**2 + 2. Let l(a) = 4*a**3 + 12*a**2 + 10*a - 2. Let k(o) = -l(o) - 3*p(o). What is k(-7)?
-32
Let l(f) = f**3 - 3*f**3 + 86456*f - 6*f**3 - 6*f**2 - 1 - 86463*f - f**3. What is l(-2)?
61
Let f(o) = o**2 - 247*o - 1006. Let c be f(-4). Let y(i) = 4*i**3 - 3 + 2 + i + 2*i**2 + 1. Determine y(c).
-26
Suppose -4*m + 2*a + 103 = 137, 5*a + 55 = -4*m. Let q(t) = t**2 + 18*t + 96. Determine q(m).
16
Let u(x) = -4*x + 18. Suppose -5*m - g - 18 = -63, 2*m + 2*g = 18. Give u(m).
-18
Let u(k) = -15*k**3 + 2*k**2 + 6*k + 4. Let t(d) = -d**2 - 105*d - 207. Let p be t(-2). Give u(p).
15
Let a(t) = t**3 - 3*t**2 + t - 2. Let r(q) = -q**3 - 9*q**2 - q + 5. Suppose 0 = 21*k - 19*k + 18. Let h be r(k). Suppose 4*c - h = -2. Determine a(c).
1
Let x(m) = -2*m - 4. Let u be ((-8)/(-8))/(3/24). Suppose -u*r + 5*r = 6. Calculate x(r).
0
Let a(o) be the third derivative of o**5/60 - 17*o**4/12 - o**3/3 - 7*o**2 - 127*o. Calculate a(34).
-2
Let p(d) = d**3 + 9*d**2 + 10*d + 16. Suppose -112*b + 475 = -93*b. Let v be 2/(-4) - 12*b/40. Give p(v).
0
Suppose 57*s = 54*s - 6. Let x be 9/s + 3/18*3. Let l(h) = 2*h - 1. What is l(x)?
-9
Let r(x) be the third derivative of -x**8/6720 + x**6/720 + x**4/24 - 7*x**3/6 + x**2 + 9. Let v(c) be the second derivative of r(c). What is v(2)?
-6
Suppose -125*r - 617 - 325 = -596*r. Let q(i) be the first derivative of 3/2*i**r + 2*i - 28. Calculate q(-3).
-7
Suppose 1445 - 1433 = 2*w, 5*w - 48 = -o. Let t(u) = -8*u + 152. Give t(o).
8
Let d(x) = 13*x**2 + 14*x - 8. Let k(q) = 12*q**2 + 11*q - 6. Let n(m) = -4*d(m) + 5*k(m). Determine n(2).
32
Let j be (72/27)/((-2)/(-6)). Let m(o) = 9*o - 12*o + o**2 + 17 - 8*o. What is m(j)?
-7
Let a be (-9)/(10 - 9) - -8. Let v(f) = 15*f**2 - 5*f - 3. Determine v(a).
17
Suppose -19 = -10*y + 21. Let r(i) = 8 + 13*i**2 + 4*i - 16*i**2 - 13*i + y*i**2. Let j(a) = -5*a + 16. Let h be j(2). Calculate r(h).
-10
Let s(b) = -3*b**3 - 27*b**2 + 7. Let x(t) = -35*t - 954. Let v be x(-27). What is s(v)?
7
Let w(x) = -10*x + 17. Suppose 32*q - 1 = 5*r + 28*q, 4*r = -4*q - 8. What is w(r)?
27
Let j(w) = 2*w - 17. Let l(s) = 5*s - 36. Suppose -15 = 6*x - 57. Let v(m) = x*j(m) - 3*l(m). Determine v(-11).
0
Suppose -h = 3*h - 4, -h = -4*k - 9. Let f(t) = -87*t**3 + t**2 + 3*t - 3. Let v(g) = -70*g**3 + 2*g - 2. Let j(n) = -4*f(n) + 5*v(n). Determine j(k).
6
Suppose 141*c = -1740 - 234. Let s(y) = -y**3 - 16*y**2 - 30*y + 4. What is s(c)?
32
Let c(v) = -v**3 - 3*v**2 + 3*v + 2. Suppose -3*t = -4*p - 4*t + 34, 0 = -2*p - t + 16. Let m be (6/p)/((-2)/(-3)). Let f = m + -4. Give c(f).
-7
Let g be 20/12*16/15*(-9)/(-4). Let q(v) = v**3 - 7*v**2 + 8*v + 3. Determine q(g).
-13
Suppose -9*y - 1820 = -4*y. Let m be (-9568)/y + (1 - 18/14). Let v = m - 31. Let d(l) = -l**2 - 5*l + 3. Calculate d(v).
3
Let r(i) = i**2 + 17*i + 21. Suppose 3*s = -252441 + 252390. Determine r(s).
21
Let o be (2/4 - 2)/((-6)/708). Let d(k) = -87*k + 7 - 91*k + o*k. Determine d(4).
3
Let n(g) be the second derivative of 3*g**3/2 - g**2/2 - 10*g. Let t = 288 + -286. Give n(t).
17
Let p(v) = 61*v**2 - 4 + 2*v**2 + 10 - 4*v - 5 - 8*v**2. What is p(1)?
52
Suppose -3*k - 2*i = -17 + 23, 2*k + 5*i = -26. Let m(u) = 2*u + 10. Calculate m(k).
14
Let h(o) = -20*o + 18024 + 17911 - 35985. Calculate h(-3).
10
Let o(v) = -7*v + 21. Suppose -29*m + 15 = l - 26*m, 0 = 4*l - 4*m + 4. Calculate o(l).
0
Let v(m) = 15*m**3 - m**2 + m. Let c be ((-2)/(-19))/(11/(-209)). Calculate v(c).
-126
Let g(f) = -f + 8. Let l be ((-6)/4)/(18/480). Let y = l - -38. Let n = 9 + y. Determine g(n).
1
Suppose 0 = -5*s + 7*s - 10. Suppose 2 = -s*x - 28. Let r(t) = 3*t + 1. Let u(m) = -m + 1. Let b(i) = -r(i) - 2*u(i). Determine b(x).
3
Suppose -54*q + 56*q - 42 = 0. Suppose -q*l - 50 + 176 = 0. Let k(y) = -y**2 + 8*y - 7. What is k(l)?
5
Suppose 21 = 6*m - 20*m + 7. Let k(p) be the second derivative of -7*p**4/6 + p**2/2 + 13*p. Determine k(m).
-13
Let h be ((-2)/8)/(4/(-304)). Suppose -3 = y - 4*v + 5*v, -h = 5*y + 3*v. Let r(s) = 3*s + 6. Give r(y).
-9
Let s(f) = -f + 1. Let l(a) = -a + 3. Let d(w) = 3*l(w) - 12*s(w). Let g(t) = 16*t - 7. Let b(j) = 7*d(j) - 4*g(j). Calculate b(6).
1
Let t = 7324 + -7332. Let q(u) = u**2 + 8*u - 11. What is q(t)?
-11
Let o(r) = 3*r**2 - 3*r + 1. Let q(i) = 7*i**2 - 5*i + 3. Let d(l) = -5*o(l) + 2*q(l). Give d(8).
-23
Let v(x) = 0 - 34*x - 36*x + 69*x - x**2 + x**3 - 1. Let t be v(0). Let h(r) = 6*r**3 - r - 1. Calculate h(t).
-6
Let d(w) be the first derivative of -5/2*w**2 + 55 - w. Calculate d(1).
-6
Suppose -5*g + g + 128 = 0. Let n(k) = 15 - k + 12 - g. Calculate n(-7).
2
Let y be -3*(-5)/(-30)*14 + 19. Let p(t) = t**2 - 11*t + 3. Give p(y).
15
Let u(t) = t**3 + 4*t**2 - 2*t - 5. Suppose p = -3, -3*k + 65 = 2*k + 5*p. Let n be -6 + k/(-12)*9/(-6). What is u(n)?
3
Suppose -30*b = -31*b + 48. Let y = b + -47. Suppose -3*n - 10 = -2*h, -2*h - 3 + y = 3*n. Let q(s) = -5*s**2 + s. What is q(h)?
-18
Let m(t) = 1 - 5 + 3*t + 1. Suppose -v + 2*f + 2 = 0, -3*f + 2*f + 2 = -2*v. Let b be 2 - -2 - (v + (1 - -1)). What is m(b)?
9
Let b(c) be the second derivative of -c**4/12 + 13*c**3/6 - c**2/2 - 73*c - 22. Calculate b(12).
11
Let s = 116 - 115. Let k(w) = -w**3 - w**2 - 1. Let h(g) = -4*g**3 - 8*g**2 + 8*g + 2. Let i(q) = s*h(q) - 3*k(q). Give i(-6).
-7
Let h(a) = -a - 4. Let m be h(-6). Let z(o) be the second derivative of -o**2/2 + 721*o. Let y(s) = -7*s + 4. Let k(x) = m*z(x) + y(x). Calculate k(-2).
16
Let h = 433 - 570. Let b(d) = -5*d**2 + 2*d + 3. Let j be b(-5). Let p = j - h. Let y(t) = t - 5. Give y(p).
0
Let y(d) = 8*d**3 + 7*d**2 - 8*d - 2. Let u(l) = 15*l**3 + 13*l**2 - 14*l - 3. Let s(c) = 5*u(c) - 9*y(c). Suppose -1 = 9*v + 17. Determine s(v).
-17
Let x(u) be the third derivative of u**5/12 -